{"id":1412,"date":"2015-05-24T09:39:13","date_gmt":"2015-05-24T07:39:13","guid":{"rendered":"http:\/\/www.margarete-gebbers.de\/?page_id=1412"},"modified":"2026-03-26T10:49:38","modified_gmt":"2026-03-26T09:49:38","slug":"aquarelle","status":"publish","type":"page","link":"https:\/\/www.margarete-gebbers.de\/?page_id=1412","title":{"rendered":"Wasserbilder"},"content":{"rendered":"<p>&nbsp;<\/p>\n<p><span style=\"color: #339966;\"><strong>Wasserbilder mit Zeichnungen<\/strong><strong>&nbsp;<\/strong><\/span><\/p>\n<p><span style=\"color: #339966;\"><strong>Resonanzfelder \u2013 Schwellen\u00fcberg\u00e4nge<\/strong><\/span><\/p>\n<p><span style=\"color: #339966;\">Wasser als nat\u00fcrlicher Tr\u00e4ger von Schwingungen und Frequenzen erzeugt Bewegung, erzeugt Resonanz<\/span><\/p>\n<p><span style=\"color: #339966;\">Wasser als Schwelle: zwischen Aggregatzust\u00e4nden, zwischen Spiegelung und Durchblick, zwischen Ruhe und Bewegung<\/span><\/p>\n<p><span style=\"color: #339966;\">\u201e\u00dcbergang\u201c l\u00e4dt ein, Prozesse sichtbar zu machen \u2013 Verdunstung, Flie\u00dfen, Brechen, Aufl\u00f6sen, Entstehen<\/span><\/p>\n<p><span style=\"color: #339966;\">\u00dcberg\u00e4nge im Leben, im Bewusstsein, im Raum<\/span><\/p>\n<p><span style=\"color: #339966;\">Wechselspiel zwischen dem Fl\u00fcchtigen der Farbe und der Bestimmtheit der Zeichnung<\/span><\/p>\n<p><span style=\"color: #339966;\">Grenzbereich zwischen bewusster Gestaltung und intuitivem Geschehenlassen<\/span><\/p>\n<p><span style=\"color: #339966;\">feine, rhythmische Bleistiftstriche fungieren wie seismographische Aufzeichnungen, legen sich wie eine feine Struktur \u00fcber das Formlose<\/span><\/p>\n<p><span style=\"color: #339966;\">fl\u00fcchtige Gedanken, Erinnerungsfragmente oder innere Landschaften werden eingefangen<\/span><\/p>\nngg_shortcode_0_placeholder\n","protected":false},"excerpt":{"rendered":"<p>&nbsp; Wasserbilder mit Zeichnungen&nbsp; Resonanzfelder \u2013 Schwellen\u00fcberg\u00e4nge Wasser als nat\u00fcrlicher Tr\u00e4ger von Schwingungen und Frequenzen erzeugt Bewegung, erzeugt Resonanz Wasser als Schwelle: zwischen Aggregatzust\u00e4nden, zwischen Spiegelung und Durchblick, zwischen Ruhe und Bewegung \u201e\u00dcbergang\u201c l\u00e4dt ein, [&hellip;]<\/p>\n","protected":false},"author":1,"featured_media":0,"parent":0,"menu_order":5,"comment_status":"closed","ping_status":"open","template":"","meta":{"ngg_post_thumbnail":0,"footnotes":""},"class_list":["post-1412","page","type-page","status-publish","hentry"],"_links":{"self":[{"href":"https:\/\/www.margarete-gebbers.de\/index.php?rest_route=\/wp\/v2\/pages\/1412","targetHints":{"allow":["GET"]}}],"collection":[{"href":"https:\/\/www.margarete-gebbers.de\/index.php?rest_route=\/wp\/v2\/pages"}],"about":[{"href":"https:\/\/www.margarete-gebbers.de\/index.php?rest_route=\/wp\/v2\/types\/page"}],"author":[{"embeddable":true,"href":"https:\/\/www.margarete-gebbers.de\/index.php?rest_route=\/wp\/v2\/users\/1"}],"replies":[{"embeddable":true,"href":"https:\/\/www.margarete-gebbers.de\/index.php?rest_route=%2Fwp%2Fv2%2Fcomments&post=1412"}],"version-history":[{"count":15,"href":"https:\/\/www.margarete-gebbers.de\/index.php?rest_route=\/wp\/v2\/pages\/1412\/revisions"}],"predecessor-version":[{"id":3138,"href":"https:\/\/www.margarete-gebbers.de\/index.php?rest_route=\/wp\/v2\/pages\/1412\/revisions\/3138"}],"wp:attachment":[{"href":"https:\/\/www.margarete-gebbers.de\/index.php?rest_route=%2Fwp%2Fv2%2Fmedia&parent=1412"}],"curies":[{"name":"wp","href":"https:\/\/api.w.org\/{rel}","templated":true}]}}