{"id":11,"date":"2011-02-24T13:09:55","date_gmt":"2011-02-24T13:09:55","guid":{"rendered":"http:\/\/www.margarete-gebbers.de\/wordpress\/?page_id=11"},"modified":"2026-04-15T08:16:33","modified_gmt":"2026-04-15T06:16:33","slug":"zeichnungen","status":"publish","type":"page","link":"https:\/\/www.margarete-gebbers.de\/?page_id=11","title":{"rendered":"Zeichnungen"},"content":{"rendered":"<p>&nbsp;<\/p>\n<p><strong><span style=\"color: teal;\">Die Linie als Sprache: Zeichnungen<\/span><\/strong><\/p>\n<p><span style=\"color: teal;\">Direktheit der Linie &#8211; Gedanke wird Spur &#8211; Bewegung, Verdichtung, Moment<\/span><\/p>\n<p><span style=\"color: teal;\">Zeichnung als eigenst\u00e4ndiger Ausdruck &#8211; Reduktion auf Linie und Fl\u00e4che &#8211; Strukturen sichtbar machen<\/span><\/p>\n<p><span style=\"color: teal;\">Raum f\u00fcr Interpretation &#8211; Klarheit durch Weglassen<\/span><\/p>\n<p>&nbsp;<\/p>\n<p><span style=\"color: teal;\">Bleistift als Hauptmedium &#8211; Spektrum aller H\u00e4rtegrade &#8211; Feine Pr\u00e4zision \u2013 Weiche Tiefe<\/span><\/p>\n<p><span style=\"color: teal;\">Licht und Schatten modelliert im Graphit &#8211; R\u00e4umlichkeit durch Nuancen<\/span><\/p>\n<p>&nbsp;<\/p>\nngg_shortcode_0_placeholder\n<p>&nbsp;<\/p>\n","protected":false},"excerpt":{"rendered":"<p>&nbsp; Die Linie als Sprache: Zeichnungen Direktheit der Linie &#8211; Gedanke wird Spur &#8211; Bewegung, Verdichtung, Moment Zeichnung als eigenst\u00e4ndiger Ausdruck &#8211; Reduktion auf Linie und Fl\u00e4che &#8211; Strukturen sichtbar machen Raum f\u00fcr Interpretation &#8211; [&hellip;]<\/p>\n","protected":false},"author":1,"featured_media":0,"parent":0,"menu_order":1,"comment_status":"closed","ping_status":"closed","template":"","meta":{"ngg_post_thumbnail":0,"footnotes":""},"class_list":["post-11","page","type-page","status-publish","hentry"],"_links":{"self":[{"href":"https:\/\/www.margarete-gebbers.de\/index.php?rest_route=\/wp\/v2\/pages\/11","targetHints":{"allow":["GET"]}}],"collection":[{"href":"https:\/\/www.margarete-gebbers.de\/index.php?rest_route=\/wp\/v2\/pages"}],"about":[{"href":"https:\/\/www.margarete-gebbers.de\/index.php?rest_route=\/wp\/v2\/types\/page"}],"author":[{"embeddable":true,"href":"https:\/\/www.margarete-gebbers.de\/index.php?rest_route=\/wp\/v2\/users\/1"}],"replies":[{"embeddable":true,"href":"https:\/\/www.margarete-gebbers.de\/index.php?rest_route=%2Fwp%2Fv2%2Fcomments&post=11"}],"version-history":[{"count":96,"href":"https:\/\/www.margarete-gebbers.de\/index.php?rest_route=\/wp\/v2\/pages\/11\/revisions"}],"predecessor-version":[{"id":3193,"href":"https:\/\/www.margarete-gebbers.de\/index.php?rest_route=\/wp\/v2\/pages\/11\/revisions\/3193"}],"wp:attachment":[{"href":"https:\/\/www.margarete-gebbers.de\/index.php?rest_route=%2Fwp%2Fv2%2Fmedia&parent=11"}],"curies":[{"name":"wp","href":"https:\/\/api.w.org\/{rel}","templated":true}]}}

<p>&nbsp;</p>
<p><strong><span style="color: teal;">Die Linie als Sprache: Zeichnungen</span></strong></p>
<p><span style="color: teal;">Direktheit der Linie &#8211; Gedanke wird Spur &#8211; Bewegung, Verdichtung, Moment</span></p>
<p><span style="color: teal;">Zeichnung als eigenständiger Ausdruck &#8211; Reduktion auf Linie und Fläche &#8211; Strukturen sichtbar machen</span></p>
<p><span style="color: teal;">Raum für Interpretation &#8211; Klarheit durch Weglassen</span></p>
<p>&nbsp;</p>
<p><span style="color: teal;">Bleistift als Hauptmedium &#8211; Spektrum aller Härtegrade &#8211; Feine Präzision – Weiche Tiefe</span></p>
<p><span style="color: teal;">Licht und Schatten modelliert im Graphit &#8211; Räumlichkeit durch Nuancen</span></p>
<p>&nbsp;</p>
ngg_shortcode_0_placeholder
<p>&nbsp;</p>

<p>&nbsp; Die Linie als Sprache: Zeichnungen Direktheit der Linie &#8211; Gedanke wird Spur &#8211; Bewegung, Verdichtung, Moment Zeichnung als eigenständiger Ausdruck &#8211; Reduktion auf Linie und Fläche &#8211; Strukturen sichtbar machen Raum für Interpretation &#8211; [&hellip;]</p>
